 remainder when 288 is divided by 79.
51
Calculate the remainder when 44 is divided by 24.
20
Calculate the remainder when 358 is divided by 114.
16
What is the remainder when 97 is divided by 50?
47
What is the remainder when 724 is divided by 360?
4
What is the remainder when 174 is divided by 8?
6
What is the remainder when 686 is divided by 74?
20
Calculate the remainder when 135 is divided by 6.
3
Calculate the remainder when 3416 is divided by 23.
12
What is the remainder when 28 is divided by 15?
13
Calculate the remainder when 521 is divided by 38.
27
What is the remainder when 15117 is divided by 126?
123
Calculate the remainder when 196 is divided by 33.
31
Calculate the remainder when 377 is divided by 24.
17
What is the remainder when 45 is divided by 26?
19
Calculate the remainder when 96 is divided by 66.
30
What is the remainder when 2249 is divided by 74?
29
Calculate the remainder when 451 is divided by 151.
149
What is the remainder when 1033 is divided by 37?
34
Calculate the remainder when 417 is divided by 182.
53
What is the remainder when 2793 is divided by 400?
393
What is the remainder when 71 is divided by 13?
6
What is the remainder when 4468 is divided by 17?
14
What is the remainder when 522 is divided by 88?
82
Calculate the remainder when 137 is divided by 23.
22
Calculate the remainder when 43 is divided by 43.
0
What is the remainder when 1805 is divided by 898?
9
Calculate the remainder when 430 is divided by 91.
66
Calculate the remainder when 190 is divided by 136.
54
Calculate the remainder when 8967 is divided by 309.
6
Calculate the remainder when 1050 is divided by 208.
10
What is the remainder when 935 is divided by 72?
71
What is the remainder when 4302 is divided by 3?
0
Calculate the remainder when 102 is divided by 28.
18
Calculate the remainder when 84 is divided by 52.
32
What is the remainder when 146 is divided by 53?
40
Calculate the remainder when 57 is divided by 40.
17
Calculate the remainder when 195 is divided by 54.
33
What is the remainder when 277 is divided by 18?
7
Calculate the remainder when 36 is divided by 5.
1
Calculate the remainder when 212 is divided by 19.
3
What is the remainder when 4901 is divided by 123?
104
What is the remainder when 276 is divided by 41?
30
Calculate the remainder when 70 is divided by 68.
2
Calculate the remainder when 390 is divided by 56.
54
Calculate the remainder when 253 is divided by 120.
13
Calculate the remainder when 189 is divided by 33.
24
Calculate the remainder when 3333 is divided by 257.
249
What is the remainder when 3919 is divided by 49?
48
Calculate the remainder when 122 is divided by 103.
19
What is the remainder when 386 is divided by 139?
108
What is the remainder when 1365 is divided by 56?
21
Calculate the remainder when 13119 is divided by 205.
204
Calculate the remainder when 40 is divided by 28.
12
What is the remainder when 1712 is divided by 19?
2
What is the remainder when 625 is divided by 15?
10
What is the remainder when 1577 is divided by 17?
13
What is the remainder when 825 is divided by 118?
117
What is the remainder when 73 is divided by 10?
3
Calculate the remainder when 15189 is divided by 31.
30
What is the remainder when 3044 is divided by 89?
18
What is the remainder when 91 is divided by 14?
7
What is the remainder when 30 is divided by 27?
3
What is the remainder when 2646 is divided by 330?
6
Calculate the remainder when 449 is divided by 34.
7
Calculate the remainder when 6276 is divided by 23.
20
Calculate the remainder when 159 is divided by 33.
27
What is the remainder when 593 is divided by 260?
73
What is the remainder when 296 is divided by 102?
92
What is the remainder when 1359 is divided by 85?
84
Calculate the remainder when 674 is divided by 140.
114
What is the remainder when 2461 is divided by 112?
109
What is the remainder when 446 is divided by 14?
12
Calculate the remainder when 4061 is divided by 1337.
50
What is the remainder when 1322 is divided by 53?
50
Calculate the remainder when 877 is divided by 55.
52
Calculate the remainder when 264 is divided by 51.
9
Calculate the remainder when 1293 is divided by 16.
13
What is the remainder when 4680 is divided by 19?
6
Calculate the remainder when 315 is divided by 73.
23
Calculate the remainder when 49 is divided by 20.
9
What is the remainder when 2259 is divided by 26?
23
Calculate the remainder when 2597 is divided by 26.
23
What is the remainder when 1123 is divided by 570?
553
What is the remainder when 4914 is divided by 4913?
1
Calculate the remainder when 533 is divided by 107.
105
What is the remainder when 2520 is divided by 170?
140
Calculate the remainder when 14024 is divided by 501.
497
What is the remainder when 10797 is divided by 45?
42
What is the remainder when 6774 is divided by 22?
20
Calculate the remainder when 40 is divided by 31.
9
What is the remainder when 77 is divided by 27?
23
What is the remainder when 133 is divided by 44?
1
What is the remainder when 97 is divided by 4?
1
What is the remainder when 257 is divided by 18?
5
What is the remainder when 57455 is divided by 216?
215
Calculate the remainder when 2381 is divided by 38.
25
What is the remainder when 244 is divided by 76?
16
Calculate the remainder when 2773 is divided by 75.
73
What is the remainder when 2993 is divided by 24?
17
Calculate the remainder when 65 is divided by 14.
9
What is the remainder when 92 is divided by 11?
4
What is the remainder when 573 is divided by 36?
33
What is the remainder when 2707 is divided by 10?
7
Calculate the remainder when 5564 is divided by 1854.
2
Calculate the remainder when 139 is divided by 48.
43
Calculate the remainder when 114 is divided by 50.
14
What is the remainder when 436 is divided by 42?
16
Calculate the remainder when 479 is divided by 30.
29
Calculate the remainder when 342 is divided by 69.
66
What is the remainder when 687 is divided by 23?
20
What is the remainder when 154 is divided by 31?
30
Calculate the remainder when 164 is divided by 36.
20
What is the remainder when 1263 is divided by 209?
9
Calculate the remainder when 1374 is divided by 125.
124
What is the remainder when 319 is divided by 5?
4
Calculate the remainder when 209 is divided by 17.
5
Calculate the remainder when 515 is divided by 52.
47
What is the remainder when 145 is divided by 55?
35
What is the remainder when 1001 is divided by 975?
26
What is the remainder when 194 is divided by 61?
11
Calculate the remainder when 374 is divided by 131.
112
Calculate the remainder when 146 is divided by 5.
1
What is the remainder when 92 is divided by 44?
4
Calculate the remainder when 12478 is divided by 65.
63
Calculate the remainder when 668 is divided by 99.
74
Calculate the remainder when 71 is divided by 48.
23
Calculate the remainder when 30 is divided by 12.
6
What is the remainder when 1033 is divided by 47?
46
What is the remainder when 22 is divided by 12?
10
Calculate the remainder when 665 is divided by 74.
73
Calculate the remainder when 265 is divided by 5.
0
Calculate the remainder when 341 is divided by 72.
53
What is the remainder when 188 is divided by 110?
78
What is the remainder when 178 is divided by 86?
6
What is the remainder when 1219 is divided by 26?
23
What is the remainder when 1007 is divided by 196?
27
Calculate the remainder when 859 is divided by 7.
5
What is the remainder when 23812 is divided by 18?
16
What is the remainder when 373 is divided by 52?
9
What is the remainder when 382 is divided by 48?
46
Calculate the remainder when 727 is divided by 664.
63
Calculate the remainder when 395 is divided by 66.
65
What is the remainder when 221 is divided by 58?
47
Calculate the remainder when 59 is divided by 24.
11
Calculate the remainder when 2105 is divided by 117.
116
What is the remainder when 108 is divided by 20?
8
Calculate the remainder when 105 is divided by 32.
9
What is the remainder when 526 is divided by 16?
14
Calculate the remainder when 326 is divided by 71.
42
What is the remainder when 510 is divided by 44?
26
Calculate the remainder when 30453 is divided by 8.
5
Calculate the remainder when 9449 is divided by 3142.
23
Calculate the remainder when 957 is divided by 12.
9
Wha